- -1384. What is the hundreds digit of d?
8
Let t(h) = 4225*h**3 + 6*h**2 - 7*h + 7. What is the tens digit of t(1)?
3
Suppose -6*g + 21*g = -5*g + 21280. What is the units digit of g?
4
What is the tens digit of ((-15)/(-9))/((-45)/(-162)) + 673?
7
Suppose -3 = 5*s - 4*s. Let k be 1 - (-7 - (s + -1)). Suppose 0 = 4*v - 3*v + 3*p - 29, 90 = k*v - p. What is the tens digit of v?
2
Let n(s) be the third derivative of -s**4/24 + 17*s**3 + 12*s**2. What is the tens digit of n(17)?
8
Let g = 201 - 203. Let y = g + 590. What is the hundreds digit of y?
5
Let r be (-9)/21 + 51/21. Suppose 9 = o + r*o - f, -5*f = 3*o - 27. Suppose -4*y - 529 = -9*y - o*c, 109 = y + 4*c. What is the units digit of y?
5
Let w be (-4)/10 - 132/(-55). Suppose 0 = -2*o + 4*d + d + 246, -o + 141 = w*d. Let m = o + -89. What is the tens digit of m?
4
Let r(a) = -a**3 - 24*a**2 - 22*a + 29. Let o be r(-23). Let j be (-1 + 10/4)*(-4)/o. Let k(x) = -4*x + 1. What is the units digit of k(j)?
5
Let p = 75 - 23. Let s = p - 52. Suppose s = -2*x + 4*l + 448, 0*x + 5*l = 2*x - 449. What is the units digit of x?
2
Suppose 4*p = -p + 10, 2*p = -4*g - 108. Let t be (-1 - 1)*g/8. Suppose t*n + 15 = 12*n. What is the units digit of n?
3
Let a be 5*11/((12/69)/(-4)). Let s = a - -1791. What is the units digit of s?
6
Let m(n) = -3*n**3 + 24*n**2 - 31*n - 20. Let i(j) = 4*j**3 - 24*j**2 + 32*j + 19. Let z(u) = -2*i(u) - 3*m(u). What is the tens digit of z(23)?
6
Let f be ((-10)/12)/((-2)/12). Suppose -9*b + 12 = -f*b. Suppose 2*c + 4*h = b*c - 18, 5*c = 2*h + 144. What is the tens digit of c?
3
Let k = -333 - -330. What is the hundreds digit of (k - -5)*-119*(-15)/6?
5
Suppose -r - 3*u = 2*u - 34972, -10*r + 349405 = 5*u. What is the ten thousands digit of r?
3
Suppose 164*a + 15 = 169*a, 12881 = 4*u - a. What is the hundreds digit of u?
2
Let j(a) = 23*a**3 + 4*a**2 + 3*a + 2. Let l be j(7). Suppose 44*g - 37236 = -l. What is the units digit of g?
2
Let l be (-8 - -9)*(13 + 4). What is the thousands digit of 2/l + 41884/34?
1
What is the hundreds digit of (1218/(-1015))/(3/(-37545))?
0
Let q(k) = 869*k**2 - 64*k + 267. What is the tens digit of q(4)?
1
Let r = 8962 - -9239. What is the tens digit of r?
0
Let s = 17600 + -12548. What is the units digit of s?
2
Let x(u) = u**3 - 20*u**2 - 42*u - 48. Let r be x(22). What is the hundreds digit of (3/4)/(r/(-3632))?
6
Let a = -301 + 306. What is the units digit of -1*(-4 + a) + 163?
2
Let g = -601 - -702. Suppose g*c - 44462 = 58*c. What is the units digit of c?
4
Let b(g) be the first derivative of g**4/4 + 2*g**3 + 2*g**2 - g + 1. Suppose -5*q + 4*p = -4*q + 9, 18 = -3*q + 3*p. What is the units digit of b(q)?
4
Let l(q) = 4*q**2 + 3*q - 7. Let w be l(6). Let m be (-2)/(-11) - 1200/(-176). Suppose -w = 2*s - m*s. What is the units digit of s?
1
Suppose 16*w + 132010 + 47008 = 54*w. What is the units digit of w?
1
Let r be 1*(-1 - (-3)/1 - 1). Suppose 2*o = 12 - 16. What is the units digit of o/7 + (r - (-1024)/7)?
7
Suppose -32*p + 28*p + 4260 = 0. Suppose p = 5*f - 5*j, 2*j - 822 = -f - 3*f. What is the tens digit of f?
0
Let m(v) = -17*v + 109. Suppose 4 = -z - 2. What is the units digit of m(z)?
1
Let a = -189 - -112. Let w = a - -139. What is the units digit of w?
2
Let o(x) = -x + 3. Let d be o(-3). Suppose -1564 = -d*w + 1088. What is the hundreds digit of w?
4
Let x be (-18)/(-27) + (-118)/6. Let p(f) = f**2 + 22*f + 23. Let y be p(-16). Let z = x - y. What is the tens digit of z?
5
Let a(p) = 11*p - 14. Suppose 5*o - 2*h - 22 = 9, 3*o + 5*h = 0. Let k be a(o). Suppose -2*y + k = 2*w + w, -3*y - 3*w + 66 = 0. What is the tens digit of y?
2
Let b be 2 + -2 - 12/(1 + -2). Let u be 1 + -1 + 247 - (14 - b). Suppose 13*d = 14*d - u. What is the tens digit of d?
4
Let g = 156 - 110. Suppose 6 = -8*w + g. What is the units digit of (-15)/(-3) - (w + (-6)/3)?
2
Suppose -92*m + 877677 = 76*m - 93699. What is the tens digit of m?
8
Suppose -117*p + 148616 = -2665. What is the hundreds digit of p?
2
Let d(n) = -n**2 - 7*n - 6. Let h be d(-6). Suppose h = -3*z + 3*x - 2 + 5, 4*x = 3*z - 6. What is the units digit of 0/((z/(-2))/(-1)) + 99?
9
Suppose 109 = -3*h - 5*u, -4*h + u = -2*u + 126. Let t = 38 + h. Suppose 0 = -9*g + t*g + 116. What is the tens digit of g?
2
Suppose 6 + 8 = 7*m. Let l(k) = -12*k + 31 - 7*k**m + 6*k**2 + 3*k**2. What is the hundreds digit of l(13)?
2
Let q(x) = -184*x + 2644. What is the ten thousands digit of q(-70)?
1
Let s = 358 - 353. Suppose 3*b - o = 163 + 11, 0 = s*b - 3*o - 294. What is the tens digit of b?
5
Let w = 72 + -69. Suppose -1312 = -m - 3*m + 4*z, -4*z + 956 = w*m. Suppose 3*s + s - 5*q = m, 0 = s - 3*q - 81. What is the units digit of s?
1
Let j = 394 - -6612. What is the thousands digit of j?
7
Suppose 33*n - 1188 = 6*n. Suppose -13*y - 228 = -5*p - 10*y, p + y - n = 0. What is the units digit of p?
5
Let h(s) = -74*s**3 + 5*s**2 + 7*s + 10. What is the units digit of h(-4)?
8
Suppose 9*i - z = 8*i + 1932, -3*z + 3844 = 2*i. Let l = 2902 - i. What is the hundreds digit of l?
9
Let i(f) = -3331*f + 101. What is the tens digit of i(-3)?
9
Let i = 588 + 68. Suppose l = -2*j - 4*l + 469, 2*l = 3*j - i. Let q = -57 + j. What is the units digit of q?
5
Let t(j) = j**2 - 46*j + 5460. Let b be t(0). Suppose -13*s - s = -b. What is the hundreds digit of s?
3
Let v(t) = 3789*t - 1158. What is the hundreds digit of v(2)?
4
Let h = -1125 - -517. Let u = 1068 - h. What is the thousands digit of u?
1
What is the hundreds digit of 1 - ((-79620)/10 - (-2 - 0))?
9
Suppose 5*o + 5*o - 7*o = 3168. What is the thousands digit of o?
1
Let f(t) = 54*t**2. Let d = 20 - 13. Suppose 3*o - 4*x = 7, 4*o + 0*o - d = 3*x. What is the units digit of f(o)?
4
Suppose 5*x + j + 20 = 0, -j - 4*j - 25 = 0. Let q(a) = -7*a - 17. Let u be q(x). Suppose -u*y + 4 = d - 30, 0 = d - y - 44. What is the units digit of d?
2
Let o be 0 - ((-16)/88 - (-40)/(-22)). Suppose 3*m + o*c - 1562 = 0, 3*m + 7*c - 11*c = 1592. What is the units digit of m?
4
Suppose i = -5*o - 7, 2*o = -2*o + 2*i. Let a(l) = l + 3. Let f be a(o). Suppose -s + 289 = 5*p, -f*p - s = 2*p - 232. What is the units digit of p?
7
Let p(t) = -2395*t - 934. What is the ten thousands digit of p(-11)?
2
Let c(s) = s**3 + 5*s**2 - 3*s + 5924. What is the hundreds digit of c(0)?
9
Suppose 3*o = o - 64. Let w be 285/(-76)*o/6. Suppose 8 + w = c. What is the tens digit of c?
2
Let v(c) = 45*c + 6. Let r(i) = 135*i + 18. Let q(n) = -6*r(n) + 17*v(n). What is the hundreds digit of q(-8)?
3
Suppose 0 = -30*v - 3*v - 4*v + 69486. What is the hundreds digit of v?
8
What is the thousands digit of 78*55*(-696)/(-60)?
9
Suppose 2 = 4*b - 2. Suppose 4 = 4*l, -c = -3*l - 0*l + b. Suppose v + 118 = c*y, -4*y - y + 4*v = -295. What is the units digit of y?
9
Let s(r) = 165*r + 5. Let y be s(1). Let f = 43 - y. Let h = 219 + f. What is the tens digit of h?
9
Suppose 6*j = -5*j. Suppose 2*w = -j*w - w. Suppose f - 335 = -3*s + 2*f, -4*s + f + 445 = w. What is the hundreds digit of s?
1
What is the units digit of 5403/2 + (-1015)/(-290)?
5
Suppose 82*m = -34*m + 570952. What is the thousands digit of m?
4
Let w(o) be the third derivative of -o**5/30 + o**4/4 + 2*o**3 - 15*o**2. Let y be w(6). What is the units digit of 590/6 + 8/y?
8
Let l = 48 - 46. Suppose 5*d = 3*o - l, -8 = 3*d - 5*d - o. Suppose 418 = 4*q - x + d*x, -6 = -3*x. What is the tens digit of q?
0
Let h be 19/(118 + -23) - 61/5. Let u(s) = -s - 16. Let p(l) = -l. Let n(i) = 2*p(i) + u(i). What is the tens digit of n(h)?
2
Let f = 352 - 49. Let v = -97 + f. What is the tens digit of v?
0
Let f be (-1041)/12*-2*2. Let k = 49 - f. Let v = k - -421. What is the tens digit of v?
2
Let f = 241 - 147. Suppose 25*n - 23*n = f. Let p = -36 + n. What is the units digit of p?
1
Suppose -20*b = -11*b - 135. What is the hundreds digit of 8469/b + (5 - (-23)/(-5))?
5
Let k = -12361 - -18645. What is the tens digit of k?
8
Let x(j) = 32*j**2 + 4*j - 6. Let g be x(4). Let f be g + 20/(-8)*-2. Suppose 0 = -8*m + 817 + f. What is the tens digit of m?
6
Let m = -27913 + 65821. Suppose 11*c = 23*c + m. What is the tens digit of c/(-15) - -2*2/10?
1
Suppose -237*u + 1182427 - 110860 = -1156233. What is the tens digit of u?
0
Let l be ((-2)/4 - 0)*126/(-